{"id":2080,"date":"2016-11-25T18:32:43","date_gmt":"2016-11-25T18:32:43","guid":{"rendered":"http:\/\/themes.webdevia.com\/voip-wordpress-theme\/?page_id=2080"},"modified":"2026-03-11T15:29:41","modified_gmt":"2026-03-11T13:29:41","slug":"home-two","status":"publish","type":"page","link":"https:\/\/www.perustele.fi\/","title":{"rendered":"Etusivu"},"content":{"rendered":"<section class=\"wpb-content-wrapper\"><p>[vc_row][vc_column][rev_slider_vc alias=&#8221;home-slider-2&#8243;][\/vc_column][\/vc_row][vc_row][vc_column width=&#8221;1\/3&#8243;]\r\n\r\n<div class=\"wd_empty_space\" data-heightmobile=\"40\" data-heighttablet=\"80\" data-heightdesktop=\"100\">\r\n\r\n<\/div>\r\n      \r\n\r\n\r\n\r\n        \r\n      \r\n        \r\n    <div class=\"boxes small layout-6 clearfix \">\r\n      <div class=\"box-container clearfix \" >\r\n                              <a href=\"https:\/\/www.perustele.fi\/index.php\/3cx-puhelinkeskukset\/\">\r\n                    <div class=\"box-icon\">\r\n                      <i class=\"fa fas fa-tty\"><\/i>\r\n\r\n                    <\/div>\r\n                      <\/a>\r\n                                    <div class=\"box-text-6\">\r\n                  <h3 class=\"box-title-6\">VoIP Yrityksille<\/h3>\r\n                <p class=\"box-body\">Puhelinj\u00e4rjestelm\u00e4n valinta yrityksellesi vaatii huolellista harkintaa. Haluat sen palvelevan yrityst\u00e4si hyvin nyt ja tulevaisuudessa. Olipa kyseess\u00e4 suuri yritys tai pieni yritys, puhelinj\u00e4rjestelm\u00e4si on oltava mukautuva .Lue lis\u00e4\u00e4...<\/p>\r\n                  <\/div>\r\n              <\/div>    \r\n    <\/div>      \r\n      \r\n    [\/vc_column][vc_column width=&#8221;1\/3&#8243;]\r\n\r\n<div class=\"wd_empty_space\" data-heightmobile=\"40\" data-heighttablet=\"80\" data-heightdesktop=\"100\">\r\n\r\n<\/div>\r\n      \r\n\r\n\r\n\r\n        \r\n      \r\n        \r\n    <div class=\"boxes small layout-6 clearfix \">\r\n      <div class=\"box-container clearfix \" >\r\n                              <a href=\"https:\/\/www.perustele.fi\/index.php\/integroitu-call-center-ratkaisu\/\">\r\n                    <div class=\"box-icon\">\r\n                      <i class=\"fa fas fa-car-side\"><\/i>\r\n\r\n                    <\/div>\r\n                      <\/a>\r\n                                    <div class=\"box-text-6\">\r\n                  <h3 class=\"box-title-6\">Call Center Ratkaisuja<\/h3>\r\n                <p class=\"box-body\">Asiakkaat haluavat, ett\u00e4 heid\u00e4n puheluihinsa vastataan nopeasti. He odottavat sinun tiet\u00e4v\u00e4n, keit\u00e4 he ovat ja mit\u00e4 sanottiin viime kerralla, kun he soittivat ilman, ett\u00e4 heit\u00e4 siirret\u00e4\u00e4n useita kertoja. Palkinto tehokkaan asiakaskokemuksen tarjoamisesta - enemm\u00e4n myynti\u00e4, tyytyv\u00e4isi\u00e4 asiakkaita ja parempia arvosteluja!<\/p>\r\n                  <\/div>\r\n              <\/div>    \r\n    <\/div>      \r\n      \r\n    [\/vc_column][vc_column width=&#8221;1\/3&#8243;]\r\n\r\n<div class=\"wd_empty_space\" data-heightmobile=\"40\" data-heighttablet=\"80\" data-heightdesktop=\"100\">\r\n\r\n<\/div>\r\n      \r\n\r\n\r\n\r\n        \r\n      \r\n        \r\n    <div class=\"boxes small layout-6 clearfix \">\r\n      <div class=\"box-container clearfix \" >\r\n                              <a href=\"https:\/\/www.perustele.fi\/index.php\/crm-integraatio-tunne-asiakkaasi\/\">\r\n                    <div class=\"box-icon\">\r\n                      <i class=\"fa fas fa-laptop-code\"><\/i>\r\n\r\n                    <\/div>\r\n                      <\/a>\r\n                                    <div class=\"box-text-6\">\r\n                  <h3 class=\"box-title-6\">CRM-Integraatio<\/h3>\r\n                <p class=\"box-body\">Valitsetpa paikallisen tai pilviratkaisun, voit helposti yhdist\u00e4\u00e4 paikanp\u00e4\u00e4ll\u00e4 olevat ja virtuaaliset asiakaspalvelutiimit.<\/p>\r\n                  <\/div>\r\n              <\/div>    \r\n    <\/div>      \r\n      \r\n    [\/vc_column][\/vc_row][vc_row][vc_column width=&#8221;1\/3&#8243;]    \r\n    <div class=\"boxes small layout-6 clearfix \">\r\n      <div class=\"box-container clearfix \" >\r\n                              <a href=\"https:\/\/www.perustele.fi\/index.php\/houstattu-keskus\/\">\r\n                    <div class=\"box-icon\">\r\n                      <i class=\"fa fas fa-cloud-download-alt\"><\/i>\r\n\r\n                    <\/div>\r\n                      <\/a>\r\n                                    <div class=\"box-text-6\">\r\n                  <h3 class=\"box-title-6\">Houstattu Keskus<\/h3>\r\n                <p class=\"box-body\">Toisin kuin useimmat houstatut PBX-ratkaisut, jotka j\u00e4tt\u00e4v\u00e4t sinulle suuren laskun sek\u00e4 hallinnan ja joustavuuden menett\u00e4misen, teemme asiat eri tavalla. Houstatussa palvelussa me huolehdimme p\u00e4ivityksist\u00e4 ja valvonnasta samalla kun k\u00e4yt\u00e4t omaa viestint\u00e4j\u00e4rjestelm\u00e4\u00e4si mahdollisimman joustavasti.<\/p>\r\n                  <\/div>\r\n              <\/div>    \r\n    <\/div>      \r\n      \r\n    [\/vc_column][vc_column width=&#8221;1\/3&#8243;]    \r\n    <div class=\"boxes small layout-6 clearfix \">\r\n      <div class=\"box-container clearfix \" >\r\n                              <a href=\"https:\/\/www.perustele.fi\/index.php\/puhelimia\/\">\r\n                    <div class=\"box-icon\">\r\n                      <i class=\"fa fas fa-phone-volume\"><\/i>\r\n\r\n                    <\/div>\r\n                      <\/a>\r\n                                    <div class=\"box-text-6\">\r\n                  <h3 class=\"box-title-6\">Nettipuhelin Kotiin<\/h3>\r\n                <p class=\"box-body\">Nettipuhelimella voit korvata tutun lankapuhelin huomattavasti pienemmill\u00e4 kuluilla.Tutustu kotiin sopiviin nettipuhelimiin laajasta valikoimastamme. Puhelimia on lanka-, dect-, video-, ja wifiversioina. My\u00f6s s\u00e4hk\u00f6yliherkille l\u00f6ytyy puhelimia.<\/p>\r\n                  <\/div>\r\n              <\/div>    \r\n    <\/div>      \r\n      \r\n    \r\n\r\n<div class=\"wd_empty_space\" data-heightmobile=\"40\" data-heighttablet=\"80\" data-heightdesktop=\"80\">\r\n\r\n<\/div>\r\n      \r\n\r\n\r\n\r\n        \r\n      \r\n    [\/vc_column][vc_column width=&#8221;1\/3&#8243;]    \r\n    <div class=\"boxes small layout-6 clearfix \">\r\n      <div class=\"box-container clearfix \" >\r\n                              <a href=\"https:\/\/www.perustele.fi\/index.php\/muita-tuotteita\/\">\r\n                    <div class=\"box-icon\">\r\n                      <i class=\"fa fas fa-store\"><\/i>\r\n\r\n                    <\/div>\r\n                      <\/a>\r\n                                    <div class=\"box-text-6\">\r\n                  <h3 class=\"box-title-6\">Muita Tuotteita<\/h3>\r\n                <p class=\"box-body\">Saat kauttamme my\u00f6s muita tuotteita, kuten kuulokkeita, varash\u00e4lyttimi\u00e4, kulunvalvonnan laitteita yms.<\/p>\r\n                  <\/div>\r\n              <\/div>    \r\n    <\/div>      \r\n      \r\n    [\/vc_column][\/vc_row][vc_row full_width=&#8221;stretch_row&#8221; css=&#8221;.vc_custom_1480457276394{margin-top: 30px !important;margin-bottom: 30px !important;background-image: url(https:\/\/www.perustele.fi\/wp-content\/uploads\/2016\/11\/calling-phone-1.jpg?id=2158) !important;background-position: center !important;background-repeat: no-repeat !important;background-size: cover !important;}&#8221;][vc_column width=&#8221;1\/2&#8243;]\r\n\r\n<div class=\"wd_empty_space\" data-heightmobile=\"40\" data-heighttablet=\"80\" data-heightdesktop=\"100\">\r\n\r\n<\/div>\r\n      \r\n\r\n\r\n\r\n        \r\n      \r\n    \t\t<div class=\"wd-heading text-left  \" >\r\n\t\t\t\r\n\t\t\t\t\r\n\t\t\t\t<h2 style=\"margin:0;font-family:;font-weight:400;\" >\r\n\t\t\t\t\tOnko sinulla on kysymyksi\u00e4 nettipuhelimesta, meill\u00e4 on vastauksia?\t\t\t\t<\/h2>\r\n\r\n\t\t\t\t\t\t\t\t\t\t\t\t<hr style='border-bottom-color: #db4436; margin: 10px 0;'\/>\r\n\t\t\t\t\t<\/div>\r\n\r\n\t\t[vc_tta_accordion active_section=&#8221;1&#8243; collapsible_all=&#8221;true&#8221;][vc_tta_section title=&#8221;Lis\u00e4tieto-osasto&#8221; tab_id=&#8221;1479831428840-7c04508c-806a&#8221;][vc_column_text]T\u00e4st\u00e4 l\u00f6ytyy vastauksia useisiin kysymyksiin, jotka liittyv\u00e4t nettipuhelimeen ja asetuksiin.[\/vc_column_text][\/vc_tta_section][vc_tta_section title=&#8221;Laiteasetukset&#8221; tab_id=&#8221;1479831429027-9f0e8db1-bf0a&#8221;][vc_column_text]Mit\u00e4 asetuksia pit\u00e4\u00e4 olla laitteessa?<\/p>\n<p><span class=\"leipa\">Jos sinulla oma Voip-puhelin\/ATA-sovitin, tulee sinun laittaa seuraavat asetukset: SIP SERVER:voippuhelin.fi OUTBOUND PROXY:voippuhelin.fi SIP USER ID: oma puhelinnumerosi, muotoa 358xxxxx AUTHENTICATE ID: oma puhelinnumerosi, muotoa 358xxxxx AUTHENTICATE PASSWORD: oma salasana, jonka olet saanut meilt\u00e4. N\u00e4m\u00e4 asetukset l\u00f6ytyv\u00e4t kaikista Voip-laitteista. Joissain laitteissa ei ole SIP USER ID, ja silloin riitt\u00e4\u00e4, ett\u00e4 t\u00e4ytt\u00e4\u00e4 AUTHENTICATE ID:n.<\/span>[\/vc_column_text][\/vc_tta_section][vc_tta_section title=&#8221;Outoja puheluja?&#8221; tab_id=&#8221;1479831459826-8bb3d0ae-9546&#8243;][vc_column_text]<strong><span class=\"leipa\">Minulle tulee outoja puheluita tuntetmattomasta lyhyest\u00e4 numerosta, eik\u00e4 siell\u00e4 ole ket\u00e4\u00e4n. Mist\u00e4 on kyse?<\/span><\/strong><\/p>\n<p><span class=\"leipa\">Puhelu on suora iposoite-iposoite puhelu, joten se ei kulje meid\u00e4n j\u00e4rjestelm\u00e4mme kautta. T\u00e4m\u00e4n voit est\u00e4\u00e4 laitteestasi varsin helposti: esim Grandstream-puhelimissa l\u00f6ytyy kohta v\u00e4lilehdess\u00e4 &#8221;advanced settings&#8221;-&gt;disable direct ip calls-laita raksi yes. Toinen kohta johon on syyt\u00e4 laittaa raksi, l\u00f6ytyy kohdasta&#8221;Account&#8221;-&gt; security settings-&gt;check SIP user id for incoming invite ja Accept incoming from proxy only. N\u00e4ihin molempiin siis &#8221;Yes&#8221; kohtaan raksi. Muiden valmistajien laitteista l\u00f6ytynee samanlainen kohta.<\/span>[\/vc_column_text][\/vc_tta_section][\/vc_tta_accordion]\r\n\r\n<div class=\"wd_empty_space\" data-heightmobile=\"40\" data-heighttablet=\"80\" data-heightdesktop=\"100\">\r\n\r\n<\/div>\r\n      \r\n\r\n\r\n\r\n        \r\n      \r\n    [\/vc_column][vc_column width=&#8221;1\/2&#8243; css=&#8221;.vc_custom_1480457236811{background-position: center !important;background-repeat: no-repeat !important;background-size: cover !important;}&#8221;]\r\n\r\n<div class=\"wd_empty_space\" data-heightmobile=\"300\" data-heighttablet=\"590\" data-heightdesktop=\"594\">\r\n\r\n<\/div>\r\n      \r\n\r\n\r\n\r\n        \r\n      \r\n    [\/vc_column][\/vc_row][vc_row equal_height=&#8221;yes&#8221;][vc_column width=&#8221;5\/12&#8243;]\r\n\r\n<div class=\"wd_empty_space\" data-heightmobile=\"40\" data-heighttablet=\"80\" data-heightdesktop=\"100\">\r\n\r\n<\/div>\r\n      \r\n\r\n\r\n\r\n        \r\n      \r\n    \t\t<div class=\"wd-heading text-center  \" >\r\n\t\t\t\r\n\t\t\t\t\r\n\t\t\t\t<h2 style=\"margin:0;font-family:;font-weight:400;\" >\r\n\t\t\t\t\tIP-puhelut kaikille, kaikkialla!\t\t\t\t<\/h2>\r\n\r\n\t\t\t\t\t\t\t\t\t\t\t\t<h4 style=\"font-family:;font-weight:400;\" >\r\n\t\t\t\t\tOlemme 3CX:n virallinen partneri\t\t\t\t<\/h4>\r\n\t\t\t\t\t\t\t\t\t\t<hr style='border-bottom-color: #db4436; margin: 10px 0;'\/>\r\n\t\t\t\t\t<\/div>\r\n\r\n\t\t[vc_column_text]3CX on perustettu vuonna 2005, jolloin VOIP oli nouseva teknologia. 3CX on vakiinnuttanut asemansa globaalina johtajana yritysviestinn\u00e4ss\u00e4. SIP:n avointa standardia ja WebRTC-tekniikkaa hy\u00f6dynt\u00e4en 3CX on kehittynyt juuriltaan PBX-puhelinj\u00e4rjestelm\u00e4n\u00e4 t\u00e4ydelliseksi viestint\u00e4alustaksi, joka tarjoaa asiakkaille yksinkertaisen, joustavan ja edullisen ratkaisun puheluihin, videoihin ja live-chatiin. 3CX:n avulla yritykset voivat lis\u00e4t\u00e4 tuottavuutta, parantaa asiakaskokemuksia ja v\u00e4hent\u00e4\u00e4 dramaattisesti kustannuksia ja johtamisen p\u00e4\u00e4ns\u00e4rky\u00e4.[\/vc_column_text][vc_row_inner][vc_column_inner][vc_single_image image=&#8221;2516&#8243; img_size=&#8221;100&#215;100&#8243; alignment=&#8221;center&#8221;][\/vc_column_inner][\/vc_row_inner][\/vc_column][vc_column width=&#8221;1\/12&#8243;][\/vc_column][vc_column width=&#8221;6\/12&#8243;][vc_single_image image=&#8221;2624&#8243; img_size=&#8221;full&#8221;][\/vc_column][\/vc_row][vc_row full_width=&#8221;stretch_row&#8221; css=&#8221;.vc_custom_1480458175447{background-color: #81d742 !important;}&#8221;][vc_column width=&#8221;7\/12&#8243;]\r\n\r\n<div class=\"wd_empty_space\" data-heightmobile=\"80\" data-heighttablet=\"100\" data-heightdesktop=\"120\">\r\n\r\n<\/div>\r\n      \r\n\r\n\r\n\r\n        \r\n      \r\n    [vc_single_image image=&#8221;2169&#8243; img_size=&#8221;full&#8221; alignment=&#8221;center&#8221;][\/vc_column][vc_column width=&#8221;1\/12&#8243;][\/vc_column][vc_column width=&#8221;4\/12&#8243;]\r\n\r\n<div class=\"wd_empty_space\" data-heightmobile=\"80\" data-heighttablet=\"100\" data-heightdesktop=\"120\">\r\n\r\n<\/div>\r\n      \r\n\r\n\r\n\r\n        \r\n      \r\n    \t\t<div class=\"wd-heading text-left  \" >\r\n\t\t\t\r\n\t\t\t\t\r\n\t\t\t\t<h2 style=\"margin:0;font-family:;font-weight:400;font-size:45px;color:#ffffff;\" >\r\n\t\t\t\t\tOle yhteyksiss\u00e4 kaikkialle koska tahansa!\t\t\t\t<\/h2>\r\n\r\n\t\t\t\t\t\t\t\t\t\t\t\t<h4 style=\"font-family:;font-weight:400;color:#ffffff;\" >\r\n\t\t\t\t\tTutustu laajaan tuotevalikoimaamme\t\t\t\t<\/h4>\r\n\t\t\t\t\t\t\t\t\t\t<hr style='border-bottom-color: #db4436; margin: 10px 0;'\/>\r\n\t\t\t\t\t<\/div>\r\n\r\n\t\t[\/vc_column][\/vc_row][vc_row][vc_column]\r\n\r\n<div class=\"wd_empty_space\" data-heightmobile=\"40\" data-heighttablet=\"80\" data-heightdesktop=\"100\">\r\n\r\n<\/div>\r\n      \r\n\r\n\r\n\r\n        \r\n      \r\n    \t\t<div class=\"wd-heading text-center  \" >\r\n\t\t\t\r\n\t\t\t\t\r\n\t\t\t\t<h2 style=\"margin:0;font-family:;font-weight:400;\" >\r\n\t\t\t\t\tTutustu mit\u00e4 kaikkea saat irti 3CX-puhelinj\u00e4rjestelm\u00e4st\u00e4si!\t\t\t\t<\/h2>\r\n\r\n\t\t\t\t\t\t\t\t\t\t\t\t<h4 style=\"font-family:;font-weight:400;\" >\r\n\t\t\t\t\tKatso integraatiomahdollisuuksia\t\t\t\t<\/h4>\r\n\t\t\t\t\t\t\t\t\t\t<hr style='border-bottom-color: #db4436; margin: 10px 0;'\/>\r\n\t\t\t\t\t<\/div>\r\n\r\n\t\t\r\n\r\n<div class=\"wd_empty_space\" data-heightmobile=\"40\" data-heighttablet=\"40\" data-heightdesktop=\"50\">\r\n\r\n<\/div>\r\n      \r\n\r\n\r\n\r\n        \r\n      \r\n    [\/vc_column][\/vc_row][vc_row gap=&#8221;20&#8243; css=&#8221;.vc_custom_1480098122261{padding-bottom: 100px !important;}&#8221;][vc_column width=&#8221;1\/3&#8243; css=&#8221;.vc_custom_1480718145629{padding-right: 25px !important;padding-left: 20px !important;}&#8221;][vc_column_text]<img loading=\"lazy\" decoding=\"async\" class=\"alignleft size-medium wp-image-2631\" src=\"https:\/\/www.perustele.fi\/wp-content\/uploads\/2022\/02\/facebook-page-chat-300x170.png\" alt=\"\" width=\"300\" height=\"170\" srcset=\"https:\/\/www.perustele.fi\/wp-content\/uploads\/2022\/02\/facebook-page-chat-300x170.png 300w, https:\/\/www.perustele.fi\/wp-content\/uploads\/2022\/02\/facebook-page-chat.png 405w\" sizes=\"auto, (max-width: 300px) 100vw, 300px\" \/><\/p>\n<p>&nbsp;<\/p>\n<p>&nbsp;<\/p>\n<p>&nbsp;<\/p>\n<p>&nbsp;<\/p>\n<p>Liit\u00e4 Facebook puhelinj\u00e4rjestelm\u00e4\u00e4si<\/p>\n<p><a href=\"https:\/\/www.perustele.fi\/index.php\/faecbook-integratio\/\">Lue lis\u00e4\u00e4<\/a>[\/vc_column_text][\/vc_column][vc_column width=&#8221;1\/3&#8243; css=&#8221;.vc_custom_1480718154844{padding-right: 25px !important;padding-left: 25px !important;}&#8221;][vc_column_text]<img loading=\"lazy\" decoding=\"async\" class=\"aligncenter size-thumbnail wp-image-2585\" src=\"https:\/\/www.perustele.fi\/wp-content\/uploads\/2022\/02\/smartphone-apps-150x150.png\" alt=\"\" width=\"150\" height=\"150\" srcset=\"https:\/\/www.perustele.fi\/wp-content\/uploads\/2022\/02\/smartphone-apps-150x150.png 150w, https:\/\/www.perustele.fi\/wp-content\/uploads\/2022\/02\/smartphone-apps-140x140.png 140w, https:\/\/www.perustele.fi\/wp-content\/uploads\/2022\/02\/smartphone-apps-100x100.png 100w\" sizes=\"auto, (max-width: 150px) 100vw, 150px\" \/>L\u00e4het\u00e4 SMS-viestit suoraan puhelinkeskuksesta.<\/p>\n<p><a href=\"https:\/\/www.perustele.fi\/index.php\/sms-viestit-katevasti\/\">Lue lis\u00e4\u00e4<\/a>[\/vc_column_text][\/vc_column][vc_column width=&#8221;1\/3&#8243; css=&#8221;.vc_custom_1480718161243{padding-right: 20px !important;padding-left: 25px !important;}&#8221;][vc_column_text]<img loading=\"lazy\" decoding=\"async\" class=\"size-medium wp-image-2614 aligncenter\" src=\"https:\/\/www.perustele.fi\/wp-content\/uploads\/2022\/02\/ms365-click-to-call-300x142.png\" alt=\"\" width=\"300\" height=\"142\" srcset=\"https:\/\/www.perustele.fi\/wp-content\/uploads\/2022\/02\/ms365-click-to-call-300x142.png 300w, https:\/\/www.perustele.fi\/wp-content\/uploads\/2022\/02\/ms365-click-to-call.png 455w\" sizes=\"auto, (max-width: 300px) 100vw, 300px\" \/>Tutustu CRM-Intergaatioon ja saa lis\u00e4\u00e4 tyytyv\u00e4isi\u00e4 asiakkaita.<\/p>\n<p><a href=\"https:\/\/www.perustele.fi\/index.php\/crm-integraatio-tunne-asiakkaasi\/\">Lue lis\u00e4\u00e4<\/a>[\/vc_column_text][\/vc_column][\/vc_row][vc_row][vc_column]\t\t<div class=\"wd-heading text-center  \" >\r\n\t\t\t\r\n\t\t\t\t\r\n\t\t\t\t<h2 style=\"margin:0;font-family:;font-weight:400;\" >\r\n\t\t\t\t\tUutisia\t\t\t\t<\/h2>\r\n\r\n\t\t\t\t\t\t\t\t\t\t\t\t<h4 style=\"font-family:;font-weight:400;\" >\r\n\t\t\t\t\tT\u00e4ss\u00e4 viimeisimm\u00e4t uutiset\t\t\t\t<\/h4>\r\n\t\t\t\t\t\t\t\t\t\t<hr style='border-bottom-color: #db4436; margin: 10px 0;'\/>\r\n\t\t\t\t\t<\/div>\r\n\r\n\t\t\r\n\r\n<div class=\"wd_empty_space\" data-heightmobile=\"40\" data-heighttablet=\"40\" data-heightdesktop=\"50\">\r\n\r\n<\/div>\r\n      \r\n\r\n\r\n\r\n        \r\n      \r\n    \r\n    <ul class='simple-blog small-block-grid-1 large-block-grid-3'>\r\n      \r\n        <li>\r\n          <div class=\"wd-blog-post\">\r\n            <img loading=\"lazy\" decoding=\"async\" width=\"200\" height=\"200\" src=\"https:\/\/www.perustele.fi\/wp-content\/uploads\/2021\/11\/fanvil_2.png\" class=\"attachment-voip_650x350 size-voip_650x350 wp-post-image\" alt=\"\" srcset=\"https:\/\/www.perustele.fi\/wp-content\/uploads\/2021\/11\/fanvil_2.png 200w, https:\/\/www.perustele.fi\/wp-content\/uploads\/2021\/11\/fanvil_2-150x150.png 150w, https:\/\/www.perustele.fi\/wp-content\/uploads\/2021\/11\/fanvil_2-140x140.png 140w, https:\/\/www.perustele.fi\/wp-content\/uploads\/2021\/11\/fanvil_2-100x100.png 100w\" sizes=\"auto, (max-width: 200px) 100vw, 200px\" data-wp-pid=\"2400\" \/>            <div class=\"wd-blog-post-detail\">\r\n              <div class=\"wd-blog-detail\">\r\n                <span>huhti, 07, 2022<\/span> -\r\n                <span>admin<\/span> -\r\n                <span><a href=\"https:\/\/www.perustele.fi\/index.php\/category\/uutisia\/\" rel=\"category tag\">Uutisia<\/a><\/span>\r\n              <\/div>\r\n              <h3><a href=\"https:\/\/www.perustele.fi\/index.php\/2022\/04\/07\/uutuudet\/\">Uutuudet<\/a><\/h3>\r\n              <p>\r\n                Uutena tuoteperheen\u00e4 on lis\u00e4tty Fanvil-hotellipuhelimet              <\/p>\r\n              <a href=\"https:\/\/www.perustele.fi\/index.php\/2022\/04\/07\/uutuudet\/\" class='tiny button'>Read More <\/a>\r\n            <\/div>\r\n          <\/div>\r\n        <\/li>\r\n\r\n      \r\n        <li>\r\n          <div class=\"wd-blog-post\">\r\n            <img loading=\"lazy\" decoding=\"async\" width=\"200\" height=\"272\" src=\"https:\/\/www.perustele.fi\/wp-content\/uploads\/2019\/06\/iPhone-Android_1.jpg\" class=\"attachment-voip_650x350 size-voip_650x350 wp-post-image\" alt=\"3CX-appi\" data-wp-pid=\"2403\" \/>            <div class=\"wd-blog-post-detail\">\r\n              <div class=\"wd-blog-detail\">\r\n                <span>maalis, 21, 2022<\/span> -\r\n                <span>admin<\/span> -\r\n                <span><a href=\"https:\/\/www.perustele.fi\/index.php\/category\/uutisia\/\" rel=\"category tag\">Uutisia<\/a><\/span>\r\n              <\/div>\r\n              <h3><a href=\"https:\/\/www.perustele.fi\/index.php\/2022\/03\/21\/hello-world\/\">Sivujen p\u00e4ivityst\u00e4<\/a><\/h3>\r\n              <p>\r\n                P\u00e4ivit\u00e4mme sivujamme, jotta voisimme parantaa k\u00e4ytt\u00f6kokemustasi. Lis\u00e4\u00e4mme kokoajan uusi tuotteita valikoimaamme.              <\/p>\r\n              <a href=\"https:\/\/www.perustele.fi\/index.php\/2022\/03\/21\/hello-world\/\" class='tiny button'>Read More <\/a>\r\n            <\/div>\r\n          <\/div>\r\n        <\/li>\r\n\r\n      \r\n        <li>\r\n          <div class=\"wd-blog-post\">\r\n            <img loading=\"lazy\" decoding=\"async\" width=\"650\" height=\"350\" src=\"https:\/\/www.perustele.fi\/wp-content\/uploads\/2016\/11\/post-2-650x350.jpg\" class=\"attachment-voip_650x350 size-voip_650x350 wp-post-image\" alt=\"\" data-wp-pid=\"1932\" \/>            <div class=\"wd-blog-post-detail\">\r\n              <div class=\"wd-blog-detail\">\r\n                <span>syys, 22, 2014<\/span> -\r\n                <span>admin<\/span> -\r\n                <span><a href=\"https:\/\/www.perustele.fi\/index.php\/category\/uutisia\/\" rel=\"category tag\">Uutisia<\/a><\/span>\r\n              <\/div>\r\n              <h3><a href=\"https:\/\/www.perustele.fi\/index.php\/2014\/09\/22\/vestibulum-risus-nulla\/\">Ota puhelinj\u00e4rjestelm\u00e4st\u00e4si kaikki irti!<\/a><\/h3>\r\n              <p>\r\n                Siirry nykyaikaisen ja monipuolisen puhelinj\u00e4rjestelm\u00e4n k\u00e4ytt\u00e4j\u00e4ksi. Voit my\u00f6s liitt\u00e4\u00e4 mobillilaitteet osaksi puhelinj\u00e4rjestelm\u00e4\u00e4. CRM-, Facebook-, Chatti-integraatiot ja paljon muuta ovat vakiovarusteina ilmaiseksi k\u00e4ytett\u00e4viksi.              <\/p>\r\n              <a href=\"https:\/\/www.perustele.fi\/index.php\/2014\/09\/22\/vestibulum-risus-nulla\/\" class='tiny button'>Read More <\/a>\r\n            <\/div>\r\n          <\/div>\r\n        <\/li>\r\n\r\n          <\/ul>\r\n\r\n      \r\n\r\n<div class=\"wd_empty_space\" data-heightmobile=\"40\" data-heighttablet=\"40\" data-heightdesktop=\"50\">\r\n\r\n<\/div>\r\n      \r\n\r\n\r\n\r\n        \r\n      \r\n    [\/vc_column][\/vc_row]<\/p>\n<\/section>","protected":false},"excerpt":{"rendered":"<p>[vc_row][vc_column][rev_slider_vc alias=&#8221;home-slider-2&#8243;][\/vc_column][\/vc_row][vc_row][vc_column width=&#8221;1\/3&#8243;][\/vc_column][vc_column width=&#8221;1\/3&#8243;][\/vc_column][vc_column width=&#8221;1\/3&#8243;][\/vc_column][\/vc_row][vc_row][vc_column width=&#8221;1\/3&#8243;][\/vc_column][vc_column width=&#8221;1\/3&#8243;][\/vc_column][vc_column width=&#8221;1\/3&#8243;][\/vc_column][\/vc_row][vc_row full_width=&#8221;stretch_row&#8221; css=&#8221;.vc_custom_1480457276394{margin-top: 30px !important;margin-bottom: 30px !important;background-image: url(https:\/\/www.perustele.fi\/wp-content\/uploads\/2016\/11\/calling-phone-1.jpg?id=2158) !important;background-position: center !important;background-repeat: no-repeat !important;background-size: cover !important;}&#8221;][vc_column width=&#8221;1\/2&#8243;][vc_tta_accordion active_section=&#8221;1&#8243; collapsible_all=&#8221;true&#8221;][vc_tta_section title=&#8221;Lis\u00e4tieto-osasto&#8221; tab_id=&#8221;1479831428840-7c04508c-806a&#8221;][vc_column_text]T\u00e4st\u00e4 l\u00f6ytyy vastauksia useisiin kysymyksiin, jotka liittyv\u00e4t nettipuhelimeen ja asetuksiin.[\/vc_column_text][\/vc_tta_section][vc_tta_section title=&#8221;Laiteasetukset&#8221; tab_id=&#8221;1479831429027-9f0e8db1-bf0a&#8221;][vc_column_text]Mit\u00e4 asetuksia pit\u00e4\u00e4 olla laitteessa? Jos sinulla oma Voip-puhelin\/ATA-sovitin, tulee sinun laittaa seuraavat asetukset: SIP SERVER:voippuhelin.fi OUTBOUND PROXY:voippuhelin.fi [&hellip;]<\/p>\n","protected":false},"author":1,"featured_media":0,"parent":0,"menu_order":0,"comment_status":"closed","ping_status":"closed","template":"","meta":{"footnotes":""},"class_list":["post-2080","page","type-page","status-publish","hentry"],"_links":{"self":[{"href":"https:\/\/www.perustele.fi\/index.php\/wp-json\/wp\/v2\/pages\/2080","targetHints":{"allow":["GET"]}}],"collection":[{"href":"https:\/\/www.perustele.fi\/index.php\/wp-json\/wp\/v2\/pages"}],"about":[{"href":"https:\/\/www.perustele.fi\/index.php\/wp-json\/wp\/v2\/types\/page"}],"author":[{"embeddable":true,"href":"https:\/\/www.perustele.fi\/index.php\/wp-json\/wp\/v2\/users\/1"}],"replies":[{"embeddable":true,"href":"https:\/\/www.perustele.fi\/index.php\/wp-json\/wp\/v2\/comments?post=2080"}],"version-history":[{"count":80,"href":"https:\/\/www.perustele.fi\/index.php\/wp-json\/wp\/v2\/pages\/2080\/revisions"}],"predecessor-version":[{"id":2981,"href":"https:\/\/www.perustele.fi\/index.php\/wp-json\/wp\/v2\/pages\/2080\/revisions\/2981"}],"wp:attachment":[{"href":"https:\/\/www.perustele.fi\/index.php\/wp-json\/wp\/v2\/media?parent=2080"}],"curies":[{"name":"wp","href":"https:\/\/api.w.org\/{rel}","templated":true}]}}